{"id":1004,"date":"2026-02-01T21:52:41","date_gmt":"2026-02-02T02:52:41","guid":{"rendered":"https:\/\/bibliakids247.com\/?post_type=product&#038;p=1004"},"modified":"2026-02-08T15:15:19","modified_gmt":"2026-02-08T20:15:19","slug":"la-biblia-para-los-bebes-azul","status":"publish","type":"product","link":"https:\/\/bibliakids247.com\/?product=la-biblia-para-los-bebes-azul","title":{"rendered":"La Biblia para los Beb\u00e9s &#8211; Azul"},"content":{"rendered":"<div class=\"ast-oembed-container \" style=\"height: 100%;\"><iframe title=\"Biblia Para Los Beb\u00e9s Tapa Dura Azul\" width=\"500\" height=\"281\" src=\"https:\/\/www.youtube.com\/embed\/Wr04xCJJYZk?feature=oembed\" frameborder=\"0\" allow=\"accelerometer; autoplay; clipboard-write; encrypted-media; gyroscope; picture-in-picture; web-share\" referrerpolicy=\"strict-origin-when-cross-origin\" allowfullscreen><\/iframe><\/div>\n<h3 data-start=\"171\" data-end=\"217\">\u00a0Biblia para Beb\u00e9s y Primeros Lectores<\/h3>\n<p data-start=\"218\" data-end=\"280\"><strong data-start=\"218\" data-end=\"280\">22 historias de la Palabra de Dios para corazones peque\u00f1os<\/strong><\/p>\n<p data-start=\"282\" data-end=\"624\">Esta hermosa Biblia ha sido especialmente dise\u00f1ada para\u00a0<strong data-start=\"338\" data-end=\"393\">introducir a los m\u00e1s peque\u00f1os en la Palabra de Dios<\/strong>\u00a0de una manera amorosa, sencilla y divertida. A trav\u00e9s de\u00a0<strong data-start=\"451\" data-end=\"496\">22 historias cuidadosamente seleccionadas<\/strong>, los ni\u00f1os y ni\u00f1as descubrir\u00e1n los relatos b\u00edblicos m\u00e1s importantes mientras desarrollan su fe desde los primeros a\u00f1os de vida.<\/p>\n<p data-start=\"626\" data-end=\"866\">Cada historia est\u00e1 acompa\u00f1ada de\u00a0<strong data-start=\"659\" data-end=\"686\">ilustraciones coloridas<\/strong>,\u00a0<strong data-start=\"688\" data-end=\"711\">actividades simples<\/strong>\u00a0y una\u00a0<strong data-start=\"718\" data-end=\"735\">breve oraci\u00f3n<\/strong>, pensadas para captar la atenci\u00f3n del ni\u00f1o y convertir la lectura b\u00edblica en un momento especial de conexi\u00f3n entre padres e hijos.<\/p>\n<p data-start=\"868\" data-end=\"1149\">Adem\u00e1s, esta Biblia incluye\u00a0<strong data-start=\"896\" data-end=\"918\">ayudas sensoriales<\/strong>\u00a0que estimulan la\u00a0<strong data-start=\"936\" data-end=\"965\">vista, el o\u00eddo y el tacto<\/strong>, haciendo que la experiencia de lectura sea din\u00e1mica y significativa. Es perfecta tanto para leer en casa como para trabajar en\u00a0<strong data-start=\"1094\" data-end=\"1148\">escuela dominical o espacios educativos cristianos<\/strong>.<\/p>\n<hr data-start=\"1151\" data-end=\"1154\" \/>\n<h3 data-start=\"1156\" data-end=\"1172\"><img decoding=\"async\" class=\"emoji\" role=\"img\" draggable=\"false\" src=\"https:\/\/s.w.org\/images\/core\/emoji\/17.0.2\/svg\/2728.svg\" alt=\"\u2728\" \/>\u00a0Beneficios<\/h3>\n<ul data-start=\"1173\" data-end=\"1522\">\n<li data-start=\"1173\" data-end=\"1228\">\n<p data-start=\"1175\" data-end=\"1228\">Fomenta el\u00a0<strong data-start=\"1186\" data-end=\"1228\">amor por la Biblia desde temprana edad<\/strong><\/p>\n<\/li>\n<li data-start=\"1229\" data-end=\"1281\">\n<p data-start=\"1231\" data-end=\"1281\">Ayuda a\u00a0<strong data-start=\"1239\" data-end=\"1281\">desarrollar la fe y valores cristianos<\/strong><\/p>\n<\/li>\n<li data-start=\"1282\" data-end=\"1338\">\n<p data-start=\"1284\" data-end=\"1338\">Estimula los sentidos y la curiosidad natural del ni\u00f1o<\/p>\n<\/li>\n<li data-start=\"1339\" data-end=\"1394\">\n<p data-start=\"1341\" data-end=\"1394\">Fortalece el v\u00ednculo entre padres, cuidadores y ni\u00f1os<\/p>\n<\/li>\n<li data-start=\"1395\" data-end=\"1460\">\n<p data-start=\"1397\" data-end=\"1460\">Introduce la lectura b\u00edblica de forma\u00a0<strong data-start=\"1435\" data-end=\"1460\">l\u00fadica y comprensible<\/strong><\/p>\n<\/li>\n<li data-start=\"1461\" data-end=\"1522\">\n<p data-start=\"1463\" data-end=\"1522\">Ideal como\u00a0<strong data-start=\"1474\" data-end=\"1522\">primer acercamiento a las historias b\u00edblicas<\/strong><\/p>\n<\/li>\n<\/ul>\n<hr data-start=\"1524\" data-end=\"1527\" \/>\n<h3 data-start=\"1529\" data-end=\"1552\"><img decoding=\"async\" class=\"emoji\" role=\"img\" draggable=\"false\" src=\"https:\/\/s.w.org\/images\/core\/emoji\/17.0.2\/svg\/1f476.svg\" alt=\"\ud83d\udc76\" \/>\u00a0Edad recomendada<\/h3>\n<p data-start=\"1553\" data-end=\"1621\"><strong data-start=\"1553\" data-end=\"1584\">Ni\u00f1os y ni\u00f1as de 0 a 3 a\u00f1os<\/strong><br data-start=\"1584\" data-end=\"1587\" \/>(Lectura acompa\u00f1ada por un adulto)<\/p>\n<hr data-start=\"1623\" data-end=\"1626\" \/>\n<h3 data-start=\"1628\" data-end=\"1650\"><img decoding=\"async\" class=\"emoji\" role=\"img\" draggable=\"false\" src=\"https:\/\/s.w.org\/images\/core\/emoji\/17.0.2\/svg\/1f4da.svg\" alt=\"\ud83d\udcda\" \/>\u00a0Caracter\u00edsticas<\/h3>\n<ul data-start=\"1651\" data-end=\"1910\">\n<li data-start=\"1651\" data-end=\"1702\">\n<p data-start=\"1653\" data-end=\"1702\"><strong data-start=\"1653\" data-end=\"1667\">Contenido:<\/strong>\u00a022 historias b\u00edblicas ilustradas<\/p>\n<\/li>\n<li data-start=\"1703\" data-end=\"1763\">\n<p data-start=\"1705\" data-end=\"1763\"><strong data-start=\"1705\" data-end=\"1718\">Cubierta:<\/strong>\u00a0Tapa dura (resistente para manos peque\u00f1as)<\/p>\n<\/li>\n<li data-start=\"1764\" data-end=\"1787\">\n<p data-start=\"1766\" data-end=\"1787\"><strong data-start=\"1766\" data-end=\"1777\">Idioma:<\/strong>\u00a0Espa\u00f1ol<\/p>\n<\/li>\n<li data-start=\"1788\" data-end=\"1821\">\n<p data-start=\"1790\" data-end=\"1821\"><strong data-start=\"1790\" data-end=\"1806\">Dimensiones:<\/strong>\u00a0130 x 170 mm<\/p>\n<\/li>\n<li data-start=\"1822\" data-end=\"1859\">\n<p data-start=\"1824\" data-end=\"1859\"><strong data-start=\"1824\" data-end=\"1833\">Peso:<\/strong>\u00a0Aproximadamente 0,44 kg<\/p>\n<\/li>\n<li data-start=\"1860\" data-end=\"1882\">\n<p data-start=\"1862\" data-end=\"1882\"><strong data-start=\"1862\" data-end=\"1876\">Editorial:<\/strong>\u00a0CLC<\/p>\n<\/li>\n<li data-start=\"1883\" data-end=\"1910\">\n<p data-start=\"1885\" data-end=\"1910\"><strong data-start=\"1885\" data-end=\"1894\">ISBN:<\/strong>\u00a09780781436144<\/p>\n<\/li>\n<\/ul>\n<hr data-start=\"1912\" data-end=\"1915\" \/>\n<p data-start=\"1917\" data-end=\"2077\"><img decoding=\"async\" class=\"emoji\" role=\"img\" draggable=\"false\" src=\"https:\/\/s.w.org\/images\/core\/emoji\/17.0.2\/svg\/1f49b.svg\" alt=\"\ud83d\udc9b\" \/>\u00a0<em data-start=\"1920\" data-end=\"2077\">Un recurso perfecto para sembrar fe, amor y esperanza en los corazones m\u00e1s peque\u00f1os, haciendo de la lectura b\u00edblica un momento esperado y lleno de alegr\u00eda.<\/em><\/p>\n","protected":false},"excerpt":{"rendered":"<h6><strong>Edad: 0 a 3 a\u00f1os<\/strong><\/h6>\n","protected":false},"featured_media":1154,"comment_status":"open","ping_status":"closed","template":"","meta":{"_monsterinsights_skip_tracking":false,"_monsterinsights_sitenote_active":false,"_monsterinsights_sitenote_note":"","_monsterinsights_sitenote_category":0,"site-sidebar-layout":"default","site-content-layout":"","ast-site-content-layout":"default","site-content-style":"default","site-sidebar-style":"default","ast-global-header-display":"","ast-banner-title-visibility":"","ast-main-header-display":"","ast-hfb-above-header-display":"","ast-hfb-below-header-display":"","ast-hfb-mobile-header-display":"","site-post-title":"","ast-breadcrumbs-content":"","ast-featured-img":"","footer-sml-layout":"","ast-disable-related-posts":"","theme-transparent-header-meta":"default","adv-header-id-meta":"","stick-header-meta":"","header-above-stick-meta":"","header-main-stick-meta":"","header-below-stick-meta":"","astra-migrate-meta-layouts":"set","ast-page-background-enabled":"default","ast-page-background-meta":{"desktop":{"background-color":"var(--ast-global-color-4)","background-image":"","background-repeat":"repeat","background-position":"center center","background-size":"auto","background-attachment":"scroll","background-type":"","background-media":"","overlay-type":"","overlay-color":"","overlay-opacity":"","overlay-gradient":""},"tablet":{"background-color":"","background-image":"","background-repeat":"repeat","background-position":"center center","background-size":"auto","background-attachment":"scroll","background-type":"","background-media":"","overlay-type":"","overlay-color":"","overlay-opacity":"","overlay-gradient":""},"mobile":{"background-color":"","background-image":"","background-repeat":"repeat","background-position":"center center","background-size":"auto","background-attachment":"scroll","background-type":"","background-media":"","overlay-type":"","overlay-color":"","overlay-opacity":"","overlay-gradient":""}},"ast-content-background-meta":{"desktop":{"background-color":"var(--ast-global-color-5)","background-image":"","background-repeat":"repeat","background-position":"center center","background-size":"auto","background-attachment":"scroll","background-type":"","background-media":"","overlay-type":"","overlay-color":"","overlay-opacity":"","overlay-gradient":""},"tablet":{"background-color":"var(--ast-global-color-5)","background-image":"","background-repeat":"repeat","background-position":"center center","background-size":"auto","background-attachment":"scroll","background-type":"","background-media":"","overlay-type":"","overlay-color":"","overlay-opacity":"","overlay-gradient":""},"mobile":{"background-color":"var(--ast-global-color-5)","background-image":"","background-repeat":"repeat","background-position":"center center","background-size":"auto","background-attachment":"scroll","background-type":"","background-media":"","overlay-type":"","overlay-color":"","overlay-opacity":"","overlay-gradient":""}}},"product_brand":[],"product_cat":[31,20,41],"product_tag":[],"class_list":{"0":"post-1004","1":"product","2":"type-product","3":"status-publish","4":"has-post-thumbnail","6":"product_cat-bebes-0-2-anos","7":"product_cat-biblias","8":"product_cat-tf","9":"desktop-align-left","10":"tablet-align-left","11":"mobile-align-left","13":"first","14":"instock","15":"taxable","16":"shipping-taxable","17":"purchasable","18":"product-type-simple"},"aioseo_notices":[],"jetpack_sharing_enabled":true,"_links":{"self":[{"href":"https:\/\/bibliakids247.com\/index.php?rest_route=\/wp\/v2\/product\/1004","targetHints":{"allow":["GET"]}}],"collection":[{"href":"https:\/\/bibliakids247.com\/index.php?rest_route=\/wp\/v2\/product"}],"about":[{"href":"https:\/\/bibliakids247.com\/index.php?rest_route=\/wp\/v2\/types\/product"}],"replies":[{"embeddable":true,"href":"https:\/\/bibliakids247.com\/index.php?rest_route=%2Fwp%2Fv2%2Fcomments&post=1004"}],"wp:featuredmedia":[{"embeddable":true,"href":"https:\/\/bibliakids247.com\/index.php?rest_route=\/wp\/v2\/media\/1154"}],"wp:attachment":[{"href":"https:\/\/bibliakids247.com\/index.php?rest_route=%2Fwp%2Fv2%2Fmedia&parent=1004"}],"wp:term":[{"taxonomy":"product_brand","embeddable":true,"href":"https:\/\/bibliakids247.com\/index.php?rest_route=%2Fwp%2Fv2%2Fproduct_brand&post=1004"},{"taxonomy":"product_cat","embeddable":true,"href":"https:\/\/bibliakids247.com\/index.php?rest_route=%2Fwp%2Fv2%2Fproduct_cat&post=1004"},{"taxonomy":"product_tag","embeddable":true,"href":"https:\/\/bibliakids247.com\/index.php?rest_route=%2Fwp%2Fv2%2Fproduct_tag&post=1004"}],"curies":[{"name":"wp","href":"https:\/\/api.w.org\/{rel}","templated":true}]}}