{"id":1034,"date":"2026-02-01T22:16:55","date_gmt":"2026-02-02T03:16:55","guid":{"rendered":"https:\/\/bibliakids247.com\/?post_type=product&#038;p=1034"},"modified":"2026-02-08T12:43:46","modified_gmt":"2026-02-08T17:43:46","slug":"somos-uno-en-cristo-juego-de-cartas-cristiano","status":"publish","type":"product","link":"https:\/\/bibliakids247.com\/?product=somos-uno-en-cristo-juego-de-cartas-cristiano","title":{"rendered":"Somos UNO en Cristo \u2013 Juego de Cartas Cristiano"},"content":{"rendered":"<p data-start=\"70\" data-end=\"135\"><img decoding=\"async\" class=\"emoji\" role=\"img\" draggable=\"false\" src=\"https:\/\/s.w.org\/images\/core\/emoji\/17.0.2\/svg\/1f49b.svg\" alt=\"\ud83d\udc9b\" \/>\u00a0\u00a1El juego n\u00famero 1 para la diversi\u00f3n familiar con prop\u00f3sito!<\/p>\n<p data-start=\"137\" data-end=\"369\">Inspirado en el vers\u00edculo\u00a0<strong data-start=\"163\" data-end=\"179\">G\u00e1latas 3:28<\/strong>\u00a0\u2014\u201cPorque unidos a Cristo Jes\u00fas, todos ustedes son uno solo\u201d\u2014, este juego combina\u00a0<strong data-start=\"261\" data-end=\"300\">entretenimiento y ense\u00f1anza b\u00edblica<\/strong>, ofreciendo horas de alegr\u00eda mientras refuerza valores cristianos.<\/p>\n<p data-start=\"371\" data-end=\"571\">Cada carta contiene mensajes llenos de fe como\u00a0<em data-start=\"418\" data-end=\"437\">\u201cJes\u00fas es mi Paz\u201d<\/em>,\u00a0<em data-start=\"439\" data-end=\"454\">\u201cCristo Sana\u201d<\/em>\u00a0o\u00a0<em data-start=\"457\" data-end=\"479\">\u201cJes\u00fas Rey de Reyes\u201d<\/em>, ideales para ense\u00f1ar a ni\u00f1os y adultos verdades b\u00edblicas de manera divertida y din\u00e1mica.<\/p>\n<p data-start=\"573\" data-end=\"597\"><img decoding=\"async\" class=\"emoji\" role=\"img\" draggable=\"false\" src=\"https:\/\/s.w.org\/images\/core\/emoji\/17.0.2\/svg\/2728.svg\" alt=\"\u2728\" \/>\u00a0<strong data-start=\"575\" data-end=\"595\">Caracter\u00edsticas:<\/strong><\/p>\n<ul data-start=\"598\" data-end=\"903\">\n<li data-start=\"598\" data-end=\"666\">\n<p data-start=\"600\" data-end=\"666\"><img decoding=\"async\" class=\"emoji\" role=\"img\" draggable=\"false\" src=\"https:\/\/s.w.org\/images\/core\/emoji\/17.0.2\/svg\/1f0cf.svg\" alt=\"\ud83c\udccf\" \/>\u00a0Incluye\u00a0<strong data-start=\"611\" data-end=\"624\">56 cartas<\/strong>\u00a0coloridas con ilustraciones cristianas.<\/p>\n<\/li>\n<li data-start=\"667\" data-end=\"752\">\n<p data-start=\"669\" data-end=\"752\"><img decoding=\"async\" class=\"emoji\" role=\"img\" draggable=\"false\" src=\"https:\/\/s.w.org\/images\/core\/emoji\/17.0.2\/svg\/1f468-200d-1f469-200d-1f467-200d-1f466.svg\" alt=\"\ud83d\udc68\u200d\ud83d\udc69\u200d\ud83d\udc67\u200d\ud83d\udc66\" \/>\u00a0Ideal para jugar en familia, escuelas dominicales o grupos juveniles.<\/p>\n<\/li>\n<li data-start=\"753\" data-end=\"809\">\n<p data-start=\"755\" data-end=\"809\"><img decoding=\"async\" class=\"emoji\" role=\"img\" draggable=\"false\" src=\"https:\/\/s.w.org\/images\/core\/emoji\/17.0.2\/svg\/1f4d6.svg\" alt=\"\ud83d\udcd6\" \/>\u00a0Refuerza valores como la unidad, el amor y la fe.<\/p>\n<\/li>\n<li data-start=\"810\" data-end=\"844\">\n<p data-start=\"812\" data-end=\"844\"><img decoding=\"async\" class=\"emoji\" role=\"img\" draggable=\"false\" src=\"https:\/\/s.w.org\/images\/core\/emoji\/17.0.2\/svg\/1f4ac.svg\" alt=\"\ud83d\udcac\" \/>\u00a0Basado en\u00a0<strong data-start=\"825\" data-end=\"841\">G\u00e1latas 3:28<\/strong>.<\/p>\n<\/li>\n<li data-start=\"845\" data-end=\"903\">\n<p data-start=\"847\" data-end=\"903\"><img decoding=\"async\" class=\"emoji\" role=\"img\" draggable=\"false\" src=\"https:\/\/s.w.org\/images\/core\/emoji\/17.0.2\/svg\/1f381.svg\" alt=\"\ud83c\udf81\" \/>\u00a0Perfecto como regalo cristiano o recurso educativo.<\/p>\n<\/li>\n<\/ul>\n<p data-start=\"905\" data-end=\"1013\"><img decoding=\"async\" class=\"emoji\" role=\"img\" draggable=\"false\" src=\"https:\/\/s.w.org\/images\/core\/emoji\/17.0.2\/svg\/26a1.svg\" alt=\"\u26a1\" \/>\u00a0<strong data-start=\"907\" data-end=\"920\">Objetivo:<\/strong><br data-start=\"920\" data-end=\"923\" \/>\u00a1Ser el primero en quedarse sin cartas mientras recuerdas que en Cristo todos somos UNO!<\/p>\n<p data-start=\"1015\" data-end=\"1107\" data-is-last-node=\"\" data-is-only-node=\"\">Un juego alegre, edificante y lleno de mensajes que fortalecen la fe y la uni\u00f3n familiar.\u00a0<img decoding=\"async\" class=\"emoji\" role=\"img\" draggable=\"false\" src=\"https:\/\/s.w.org\/images\/core\/emoji\/17.0.2\/svg\/2764.svg\" alt=\"\u2764\ufe0f\" \/><\/p>\n","protected":false},"excerpt":{"rendered":"<p>\u00a0\u00a1El juego n\u00famero 1 para la diversi\u00f3n familiar con prop\u00f3sito! Inspirado en el vers\u00edculo\u00a0G\u00e1latas 3:28\u00a0\u2014\u201cPorque unidos a Cristo Jes\u00fas, todos [&hellip;]<\/p>\n","protected":false},"featured_media":1035,"comment_status":"open","ping_status":"closed","template":"","meta":{"_monsterinsights_skip_tracking":false,"_monsterinsights_sitenote_active":false,"_monsterinsights_sitenote_note":"","_monsterinsights_sitenote_category":0,"site-sidebar-layout":"default","site-content-layout":"","ast-site-content-layout":"default","site-content-style":"default","site-sidebar-style":"default","ast-global-header-display":"","ast-banner-title-visibility":"","ast-main-header-display":"","ast-hfb-above-header-display":"","ast-hfb-below-header-display":"","ast-hfb-mobile-header-display":"","site-post-title":"","ast-breadcrumbs-content":"","ast-featured-img":"","footer-sml-layout":"","ast-disable-related-posts":"","theme-transparent-header-meta":"default","adv-header-id-meta":"","stick-header-meta":"","header-above-stick-meta":"","header-main-stick-meta":"","header-below-stick-meta":"","astra-migrate-meta-layouts":"set","ast-page-background-enabled":"default","ast-page-background-meta":{"desktop":{"background-color":"var(--ast-global-color-4)","background-image":"","background-repeat":"repeat","background-position":"center center","background-size":"auto","background-attachment":"scroll","background-type":"","background-media":"","overlay-type":"","overlay-color":"","overlay-opacity":"","overlay-gradient":""},"tablet":{"background-color":"","background-image":"","background-repeat":"repeat","background-position":"center center","background-size":"auto","background-attachment":"scroll","background-type":"","background-media":"","overlay-type":"","overlay-color":"","overlay-opacity":"","overlay-gradient":""},"mobile":{"background-color":"","background-image":"","background-repeat":"repeat","background-position":"center center","background-size":"auto","background-attachment":"scroll","background-type":"","background-media":"","overlay-type":"","overlay-color":"","overlay-opacity":"","overlay-gradient":""}},"ast-content-background-meta":{"desktop":{"background-color":"var(--ast-global-color-5)","background-image":"","background-repeat":"repeat","background-position":"center center","background-size":"auto","background-attachment":"scroll","background-type":"","background-media":"","overlay-type":"","overlay-color":"","overlay-opacity":"","overlay-gradient":""},"tablet":{"background-color":"var(--ast-global-color-5)","background-image":"","background-repeat":"repeat","background-position":"center center","background-size":"auto","background-attachment":"scroll","background-type":"","background-media":"","overlay-type":"","overlay-color":"","overlay-opacity":"","overlay-gradient":""},"mobile":{"background-color":"var(--ast-global-color-5)","background-image":"","background-repeat":"repeat","background-position":"center center","background-size":"auto","background-attachment":"scroll","background-type":"","background-media":"","overlay-type":"","overlay-color":"","overlay-opacity":"","overlay-gradient":""}}},"product_brand":[],"product_cat":[39],"product_tag":[],"class_list":{"0":"post-1034","1":"product","2":"type-product","3":"status-publish","4":"has-post-thumbnail","6":"product_cat-regalos","7":"desktop-align-left","8":"tablet-align-left","9":"mobile-align-left","11":"first","12":"instock","13":"taxable","14":"shipping-taxable","15":"purchasable","16":"product-type-simple"},"aioseo_notices":[],"jetpack_sharing_enabled":true,"_links":{"self":[{"href":"https:\/\/bibliakids247.com\/index.php?rest_route=\/wp\/v2\/product\/1034","targetHints":{"allow":["GET"]}}],"collection":[{"href":"https:\/\/bibliakids247.com\/index.php?rest_route=\/wp\/v2\/product"}],"about":[{"href":"https:\/\/bibliakids247.com\/index.php?rest_route=\/wp\/v2\/types\/product"}],"replies":[{"embeddable":true,"href":"https:\/\/bibliakids247.com\/index.php?rest_route=%2Fwp%2Fv2%2Fcomments&post=1034"}],"wp:featuredmedia":[{"embeddable":true,"href":"https:\/\/bibliakids247.com\/index.php?rest_route=\/wp\/v2\/media\/1035"}],"wp:attachment":[{"href":"https:\/\/bibliakids247.com\/index.php?rest_route=%2Fwp%2Fv2%2Fmedia&parent=1034"}],"wp:term":[{"taxonomy":"product_brand","embeddable":true,"href":"https:\/\/bibliakids247.com\/index.php?rest_route=%2Fwp%2Fv2%2Fproduct_brand&post=1034"},{"taxonomy":"product_cat","embeddable":true,"href":"https:\/\/bibliakids247.com\/index.php?rest_route=%2Fwp%2Fv2%2Fproduct_cat&post=1034"},{"taxonomy":"product_tag","embeddable":true,"href":"https:\/\/bibliakids247.com\/index.php?rest_route=%2Fwp%2Fv2%2Fproduct_tag&post=1034"}],"curies":[{"name":"wp","href":"https:\/\/api.w.org\/{rel}","templated":true}]}}