{"id":1042,"date":"2026-02-01T22:22:30","date_gmt":"2026-02-02T03:22:30","guid":{"rendered":"https:\/\/bibliakids247.com\/?post_type=product&#038;p=1042"},"modified":"2026-02-08T15:39:12","modified_gmt":"2026-02-08T20:39:12","slug":"pinto-y-creo-bilingue-la-creacion-cartilla","status":"publish","type":"product","link":"https:\/\/bibliakids247.com\/?product=pinto-y-creo-bilingue-la-creacion-cartilla","title":{"rendered":"Pinto y Creo \u2013 Biling\u00fce: La creaci\u00f3n"},"content":{"rendered":"<p data-start=\"199\" data-end=\"505\"><strong data-start=\"199\" data-end=\"219\">Queridos padres:<\/strong><br data-start=\"219\" data-end=\"222\" \/>La serie\u00a0<strong data-start=\"231\" data-end=\"247\">Pinto y Creo<\/strong>\u00a0busca llevar el Evangelio a los ni\u00f1os a trav\u00e9s de historias b\u00edblicas sencillas que les muestran el regalo de la salvaci\u00f3n por medio de Cristo.<br data-start=\"390\" data-end=\"393\" \/>Mientras se divierten pintando, los ni\u00f1os descubren que el Dios de la Biblia tambi\u00e9n puede ser su Dios personal.<\/p>\n<p data-start=\"507\" data-end=\"758\"><strong data-start=\"507\" data-end=\"524\">Dear Parents:<\/strong><br data-start=\"524\" data-end=\"527\" \/>This\u00a0<em data-start=\"532\" data-end=\"551\">Color and Believe<\/em>\u00a0series seeks to bring the Gospel to children through Bible stories and the gift of salvation we have in Christ. As they enjoy coloring, they can also believe that the God of the Bible is their personal God.<\/p>\n<p data-start=\"760\" data-end=\"959\">El equipo de\u00a0<strong data-start=\"773\" data-end=\"794\">Editorial Desaf\u00edo<\/strong>\u00a0est\u00e1 comprometido no solo con la educaci\u00f3n espiritual, sino tambi\u00e9n con la estimulaci\u00f3n de la\u00a0<strong data-start=\"889\" data-end=\"945\">motricidad, la creatividad y el aprendizaje integral<\/strong>\u00a0de los ni\u00f1os.<\/p>\n<hr data-start=\"961\" data-end=\"964\" \/>\n<h3 data-start=\"966\" data-end=\"999\"><img decoding=\"async\" class=\"emoji\" role=\"img\" draggable=\"false\" src=\"https:\/\/s.w.org\/images\/core\/emoji\/17.0.2\/svg\/2b50.svg\" alt=\"\u2b50\" \/>\u00a0Puntos esenciales del libro<\/h3>\n<ul data-start=\"1001\" data-end=\"1388\">\n<li data-start=\"1001\" data-end=\"1101\">\n<p data-start=\"1003\" data-end=\"1101\">Ayuda a los ni\u00f1os a reconocer la\u00a0<strong data-start=\"1036\" data-end=\"1099\">presencia de Jesucristo en todas las historias de la Biblia<\/strong><\/p>\n<\/li>\n<li data-start=\"1102\" data-end=\"1169\">\n<p data-start=\"1104\" data-end=\"1169\">Ideal para\u00a0<strong data-start=\"1115\" data-end=\"1144\">reforzar el idioma ingl\u00e9s<\/strong>\u00a0desde edades tempranas<\/p>\n<\/li>\n<li data-start=\"1170\" data-end=\"1245\">\n<p data-start=\"1172\" data-end=\"1245\">Herramienta pr\u00e1ctica y did\u00e1ctica para\u00a0<strong data-start=\"1210\" data-end=\"1243\">ense\u00f1ar la Biblia a los ni\u00f1os<\/strong><\/p>\n<\/li>\n<li data-start=\"1246\" data-end=\"1310\">\n<p data-start=\"1248\" data-end=\"1310\"><strong data-start=\"1248\" data-end=\"1278\">Formato grande y accesible<\/strong>, perfecto para manos peque\u00f1as<\/p>\n<\/li>\n<li data-start=\"1311\" data-end=\"1388\">\n<p data-start=\"1313\" data-end=\"1388\">Ilustraciones\u00a0<strong data-start=\"1327\" data-end=\"1365\">divertidas, din\u00e1micas y atractivas<\/strong>\u00a0que los ni\u00f1os amar\u00e1n<\/p>\n<\/li>\n<\/ul>\n<hr data-start=\"1390\" data-end=\"1393\" \/>\n<h3 data-start=\"1395\" data-end=\"1415\"><img decoding=\"async\" class=\"emoji\" role=\"img\" draggable=\"false\" src=\"https:\/\/s.w.org\/images\/core\/emoji\/17.0.2\/svg\/1f4d8.svg\" alt=\"\ud83d\udcd8\" \/>\u00a0Ficha t\u00e9cnica<\/h3>\n<ul data-start=\"1417\" data-end=\"1676\">\n<li data-start=\"1417\" data-end=\"1448\">\n<p data-start=\"1419\" data-end=\"1448\"><strong data-start=\"1419\" data-end=\"1428\">ISBN:<\/strong>\u00a0978958737142-0<\/p>\n<\/li>\n<li data-start=\"1449\" data-end=\"1485\">\n<p data-start=\"1451\" data-end=\"1485\"><strong data-start=\"1451\" data-end=\"1465\">Editorial:<\/strong>\u00a0Desaf\u00edo<\/p>\n<\/li>\n<li data-start=\"1486\" data-end=\"1509\">\n<p data-start=\"1488\" data-end=\"1509\"><strong data-start=\"1488\" data-end=\"1499\">Idioma:<\/strong>\u00a0Espa\u00f1ol<\/p>\n<\/li>\n<li data-start=\"1510\" data-end=\"1539\">\n<p data-start=\"1512\" data-end=\"1539\"><strong data-start=\"1512\" data-end=\"1534\">N\u00famero de p\u00e1ginas:<\/strong>\u00a016<\/p>\n<\/li>\n<li data-start=\"1540\" data-end=\"1565\">\n<p data-start=\"1542\" data-end=\"1565\"><strong data-start=\"1542\" data-end=\"1555\">Cubierta:<\/strong>\u00a0R\u00fastica<\/p>\n<\/li>\n<li data-start=\"1566\" data-end=\"1603\">\n<p data-start=\"1568\" data-end=\"1603\"><strong data-start=\"1568\" data-end=\"1584\">Dimensiones:<\/strong>\u00a0215 \u00d7 279 \u00d7 2 mm<\/p>\n<\/li>\n<li data-start=\"1604\" data-end=\"1626\">\n<p data-start=\"1606\" data-end=\"1626\"><strong data-start=\"1606\" data-end=\"1615\">Peso:<\/strong>\u00a00,069 kg<\/p>\n<\/li>\n<li data-start=\"1627\" data-end=\"1676\">\n<p data-start=\"1629\" data-end=\"1676\"><strong data-start=\"1629\" data-end=\"1654\">Fecha de lanzamiento:<\/strong>\u00a017 de julio de 2017<\/p>\n<\/li>\n<\/ul>\n","protected":false},"excerpt":{"rendered":"<p>Queridos padres:La serie\u00a0Pinto y Creo\u00a0busca llevar el Evangelio a los ni\u00f1os a trav\u00e9s de historias b\u00edblicas sencillas que les muestran [&hellip;]<\/p>\n","protected":false},"featured_media":1043,"comment_status":"open","ping_status":"closed","template":"","meta":{"_monsterinsights_skip_tracking":false,"_monsterinsights_sitenote_active":false,"_monsterinsights_sitenote_note":"","_monsterinsights_sitenote_category":0,"site-sidebar-layout":"default","site-content-layout":"","ast-site-content-layout":"default","site-content-style":"default","site-sidebar-style":"default","ast-global-header-display":"","ast-banner-title-visibility":"","ast-main-header-display":"","ast-hfb-above-header-display":"","ast-hfb-below-header-display":"","ast-hfb-mobile-header-display":"","site-post-title":"","ast-breadcrumbs-content":"","ast-featured-img":"","footer-sml-layout":"","ast-disable-related-posts":"","theme-transparent-header-meta":"default","adv-header-id-meta":"","stick-header-meta":"","header-above-stick-meta":"","header-main-stick-meta":"","header-below-stick-meta":"","astra-migrate-meta-layouts":"set","ast-page-background-enabled":"default","ast-page-background-meta":{"desktop":{"background-color":"var(--ast-global-color-4)","background-image":"","background-repeat":"repeat","background-position":"center center","background-size":"auto","background-attachment":"scroll","background-type":"","background-media":"","overlay-type":"","overlay-color":"","overlay-opacity":"","overlay-gradient":""},"tablet":{"background-color":"","background-image":"","background-repeat":"repeat","background-position":"center center","background-size":"auto","background-attachment":"scroll","background-type":"","background-media":"","overlay-type":"","overlay-color":"","overlay-opacity":"","overlay-gradient":""},"mobile":{"background-color":"","background-image":"","background-repeat":"repeat","background-position":"center center","background-size":"auto","background-attachment":"scroll","background-type":"","background-media":"","overlay-type":"","overlay-color":"","overlay-opacity":"","overlay-gradient":""}},"ast-content-background-meta":{"desktop":{"background-color":"var(--ast-global-color-5)","background-image":"","background-repeat":"repeat","background-position":"center center","background-size":"auto","background-attachment":"scroll","background-type":"","background-media":"","overlay-type":"","overlay-color":"","overlay-opacity":"","overlay-gradient":""},"tablet":{"background-color":"var(--ast-global-color-5)","background-image":"","background-repeat":"repeat","background-position":"center center","background-size":"auto","background-attachment":"scroll","background-type":"","background-media":"","overlay-type":"","overlay-color":"","overlay-opacity":"","overlay-gradient":""},"mobile":{"background-color":"var(--ast-global-color-5)","background-image":"","background-repeat":"repeat","background-position":"center center","background-size":"auto","background-attachment":"scroll","background-type":"","background-media":"","overlay-type":"","overlay-color":"","overlay-opacity":"","overlay-gradient":""}}},"product_brand":[],"product_cat":[25,42,27,41],"product_tag":[],"class_list":{"0":"post-1042","1":"product","2":"type-product","3":"status-publish","4":"has-post-thumbnail","6":"product_cat-cartillas","7":"product_cat-nino-bilingue","8":"product_cat-para-colorear","9":"product_cat-tf","10":"desktop-align-left","11":"tablet-align-left","12":"mobile-align-left","14":"first","15":"instock","16":"taxable","17":"shipping-taxable","18":"purchasable","19":"product-type-simple"},"aioseo_notices":[],"jetpack_sharing_enabled":true,"_links":{"self":[{"href":"https:\/\/bibliakids247.com\/index.php?rest_route=\/wp\/v2\/product\/1042","targetHints":{"allow":["GET"]}}],"collection":[{"href":"https:\/\/bibliakids247.com\/index.php?rest_route=\/wp\/v2\/product"}],"about":[{"href":"https:\/\/bibliakids247.com\/index.php?rest_route=\/wp\/v2\/types\/product"}],"replies":[{"embeddable":true,"href":"https:\/\/bibliakids247.com\/index.php?rest_route=%2Fwp%2Fv2%2Fcomments&post=1042"}],"wp:featuredmedia":[{"embeddable":true,"href":"https:\/\/bibliakids247.com\/index.php?rest_route=\/wp\/v2\/media\/1043"}],"wp:attachment":[{"href":"https:\/\/bibliakids247.com\/index.php?rest_route=%2Fwp%2Fv2%2Fmedia&parent=1042"}],"wp:term":[{"taxonomy":"product_brand","embeddable":true,"href":"https:\/\/bibliakids247.com\/index.php?rest_route=%2Fwp%2Fv2%2Fproduct_brand&post=1042"},{"taxonomy":"product_cat","embeddable":true,"href":"https:\/\/bibliakids247.com\/index.php?rest_route=%2Fwp%2Fv2%2Fproduct_cat&post=1042"},{"taxonomy":"product_tag","embeddable":true,"href":"https:\/\/bibliakids247.com\/index.php?rest_route=%2Fwp%2Fv2%2Fproduct_tag&post=1042"}],"curies":[{"name":"wp","href":"https:\/\/api.w.org\/{rel}","templated":true}]}}