{"id":1601,"date":"2026-03-01T19:59:21","date_gmt":"2026-03-02T00:59:21","guid":{"rendered":"https:\/\/bibliakids247.com\/?post_type=product&#038;p=1601"},"modified":"2026-03-01T19:59:26","modified_gmt":"2026-03-02T00:59:26","slug":"oraciones-para-ninos","status":"publish","type":"product","link":"https:\/\/bibliakids247.com\/?product=oraciones-para-ninos","title":{"rendered":"Oraciones para ni\u00f1os"},"content":{"rendered":"<h5 data-start=\"79\" data-end=\"108\"><img decoding=\"async\" class=\"emoji\" role=\"img\" draggable=\"false\" src=\"https:\/\/s.w.org\/images\/core\/emoji\/17.0.2\/svg\/1f64f.svg\" alt=\"\ud83d\ude4f\" \/><img decoding=\"async\" class=\"emoji\" role=\"img\" draggable=\"false\" src=\"https:\/\/s.w.org\/images\/core\/emoji\/17.0.2\/svg\/1f499.svg\" alt=\"\ud83d\udc99\" \/>\u00a0Oraciones para Ni\u00f1os<\/h5>\n<p data-start=\"109\" data-end=\"125\"><em data-start=\"109\" data-end=\"125\">Carolyn Larsen<\/em><\/p>\n<p data-start=\"127\" data-end=\"206\">Un libro hermoso para ense\u00f1ar a los ni\u00f1os a hablar con Dios desde el coraz\u00f3n\u00a0<img decoding=\"async\" class=\"emoji\" role=\"img\" draggable=\"false\" src=\"https:\/\/s.w.org\/images\/core\/emoji\/17.0.2\/svg\/1f49b.svg\" alt=\"\ud83d\udc9b\" \/><\/p>\n<p data-start=\"208\" data-end=\"457\"><strong data-start=\"208\" data-end=\"232\">Oraciones para Ni\u00f1os<\/strong>\u00a0gu\u00eda a los peque\u00f1os en el maravilloso h\u00e1bito de la oraci\u00f3n a trav\u00e9s de\u00a0<strong data-start=\"304\" data-end=\"347\">60 oraciones sencillas y significativas<\/strong>, agrupadas en cuatro categor\u00edas que les ayudar\u00e1n a entender c\u00f3mo acercarse a Dios en cada momento de su vida.<\/p>\n<p data-start=\"459\" data-end=\"651\">Con ilustraciones tiernas de\u00a0<strong data-start=\"488\" data-end=\"502\">Caron Turk<\/strong>\u00a0y un lenguaje claro que los ni\u00f1os pueden comprender f\u00e1cilmente, este libro convierte la oraci\u00f3n en una experiencia cercana, natural y llena de amor.<\/p>\n<hr data-start=\"653\" data-end=\"656\" \/>\n<h5 data-start=\"658\" data-end=\"695\"><img decoding=\"async\" class=\"emoji\" role=\"img\" draggable=\"false\" src=\"https:\/\/s.w.org\/images\/core\/emoji\/17.0.2\/svg\/1f31f.svg\" alt=\"\ud83c\udf1f\" \/>\u00a0\u00bfQu\u00e9 encontrar\u00e1s en este libro?<\/h5>\n<p data-start=\"697\" data-end=\"792\"><img decoding=\"async\" class=\"emoji\" role=\"img\" draggable=\"false\" src=\"https:\/\/s.w.org\/images\/core\/emoji\/17.0.2\/svg\/1f64f.svg\" alt=\"\ud83d\ude4f\" \/>\u00a0<strong data-start=\"700\" data-end=\"716\">Alaba a Dios<\/strong><br data-start=\"716\" data-end=\"719\" \/><img decoding=\"async\" class=\"emoji\" role=\"img\" draggable=\"false\" src=\"https:\/\/s.w.org\/images\/core\/emoji\/17.0.2\/svg\/1f49b.svg\" alt=\"\ud83d\udc9b\" \/>\u00a0<strong data-start=\"722\" data-end=\"745\">Dale gracias a Dios<\/strong><br data-start=\"745\" data-end=\"748\" \/><img decoding=\"async\" class=\"emoji\" role=\"img\" draggable=\"false\" src=\"https:\/\/s.w.org\/images\/core\/emoji\/17.0.2\/svg\/1f614.svg\" alt=\"\ud83d\ude14\" \/>\u00a0<strong data-start=\"751\" data-end=\"772\">Di que lo sientes<\/strong><br data-start=\"772\" data-end=\"775\" \/><img decoding=\"async\" class=\"emoji\" role=\"img\" draggable=\"false\" src=\"https:\/\/s.w.org\/images\/core\/emoji\/17.0.2\/svg\/1f932.svg\" alt=\"\ud83e\udd32\" \/>\u00a0<strong data-start=\"778\" data-end=\"792\">Pide ayuda<\/strong><\/p>\n<p data-start=\"794\" data-end=\"932\">Incluye temas cotidianos con los que los ni\u00f1os se identifican f\u00e1cilmente: cumplea\u00f1os, abuelos, momentos de miedo, errores, gratitud y m\u00e1s.<\/p>\n<p data-start=\"934\" data-end=\"1084\">Cada p\u00e1gina abre la puerta a conversaciones significativas entre padres e hijos, ayudando a formar una relaci\u00f3n personal con Dios desde temprana edad.<\/p>\n<hr data-start=\"1086\" data-end=\"1089\" \/>\n<h5 data-start=\"1091\" data-end=\"1115\"><img decoding=\"async\" class=\"emoji\" role=\"img\" draggable=\"false\" src=\"https:\/\/s.w.org\/images\/core\/emoji\/17.0.2\/svg\/1f466.svg\" alt=\"\ud83d\udc66\" \/><img decoding=\"async\" class=\"emoji\" role=\"img\" draggable=\"false\" src=\"https:\/\/s.w.org\/images\/core\/emoji\/17.0.2\/svg\/1f4d6.svg\" alt=\"\ud83d\udcd6\" \/>\u00a0Edad recomendada<\/h5>\n<p data-start=\"1117\" data-end=\"1234\">De\u00a0<strong data-start=\"1120\" data-end=\"1134\">4 a 8 a\u00f1os<\/strong><br data-start=\"1134\" data-end=\"1137\" \/><img decoding=\"async\" class=\"emoji\" role=\"img\" draggable=\"false\" src=\"https:\/\/s.w.org\/images\/core\/emoji\/17.0.2\/svg\/2714.svg\" alt=\"\u2714\" \/>\u00a0Ideal para lectura acompa\u00f1ada<br data-start=\"1168\" data-end=\"1171\" \/><img decoding=\"async\" class=\"emoji\" role=\"img\" draggable=\"false\" src=\"https:\/\/s.w.org\/images\/core\/emoji\/17.0.2\/svg\/2714.svg\" alt=\"\u2714\" \/>\u00a0Perfecto para oraci\u00f3n antes de dormir o devocional familiar<\/p>\n<hr data-start=\"1236\" data-end=\"1239\" \/>\n<h5 data-start=\"1241\" data-end=\"1258\"><img decoding=\"async\" class=\"emoji\" role=\"img\" draggable=\"false\" src=\"https:\/\/s.w.org\/images\/core\/emoji\/17.0.2\/svg\/1f3af.svg\" alt=\"\ud83c\udfaf\" \/>\u00a0Ideal para:<\/h5>\n<p data-start=\"1260\" data-end=\"1380\"><img decoding=\"async\" class=\"emoji\" role=\"img\" draggable=\"false\" src=\"https:\/\/s.w.org\/images\/core\/emoji\/17.0.2\/svg\/1f468-200d-1f469-200d-1f467.svg\" alt=\"\ud83d\udc68\u200d\ud83d\udc69\u200d\ud83d\udc67\" \/>\u00a0Padres que desean ense\u00f1ar a orar de forma sencilla<br data-start=\"1319\" data-end=\"1322\" \/><img decoding=\"async\" class=\"emoji\" role=\"img\" draggable=\"false\" src=\"https:\/\/s.w.org\/images\/core\/emoji\/17.0.2\/svg\/1f3eb.svg\" alt=\"\ud83c\udfeb\" \/>\u00a0Escuela dominical<br data-start=\"1342\" data-end=\"1345\" \/><img decoding=\"async\" class=\"emoji\" role=\"img\" draggable=\"false\" src=\"https:\/\/s.w.org\/images\/core\/emoji\/17.0.2\/svg\/1f381.svg\" alt=\"\ud83c\udf81\" \/>\u00a0Regalo cristiano significativo<\/p>\n<hr data-start=\"1382\" data-end=\"1385\" \/>\n<p data-start=\"1387\" data-end=\"1496\"><img decoding=\"async\" class=\"emoji\" role=\"img\" draggable=\"false\" src=\"https:\/\/s.w.org\/images\/core\/emoji\/17.0.2\/svg\/1f499.svg\" alt=\"\ud83d\udc99\" \/>\u00a0Un libro que ayudar\u00e1 a tu hijo a aprender que puede hablar con Dios en todo momento, con confianza y amor.<\/p>\n","protected":false},"excerpt":{"rendered":"<p>\u00a0Oraciones para Ni\u00f1os Carolyn Larsen Un libro hermoso para ense\u00f1ar a los ni\u00f1os a hablar con Dios desde el coraz\u00f3n\u00a0 [&hellip;]<\/p>\n","protected":false},"featured_media":1602,"comment_status":"open","ping_status":"closed","template":"","meta":{"_monsterinsights_skip_tracking":false,"_monsterinsights_sitenote_active":false,"_monsterinsights_sitenote_note":"","_monsterinsights_sitenote_category":0,"site-sidebar-layout":"default","site-content-layout":"","ast-site-content-layout":"default","site-content-style":"default","site-sidebar-style":"default","ast-global-header-display":"","ast-banner-title-visibility":"","ast-main-header-display":"","ast-hfb-above-header-display":"","ast-hfb-below-header-display":"","ast-hfb-mobile-header-display":"","site-post-title":"","ast-breadcrumbs-content":"","ast-featured-img":"","footer-sml-layout":"","ast-disable-related-posts":"","theme-transparent-header-meta":"default","adv-header-id-meta":"","stick-header-meta":"","header-above-stick-meta":"","header-main-stick-meta":"","header-below-stick-meta":"","astra-migrate-meta-layouts":"set","ast-page-background-enabled":"default","ast-page-background-meta":{"desktop":{"background-color":"var(--ast-global-color-4)","background-image":"","background-repeat":"repeat","background-position":"center center","background-size":"auto","background-attachment":"scroll","background-type":"","background-media":"","overlay-type":"","overlay-color":"","overlay-opacity":"","overlay-gradient":""},"tablet":{"background-color":"","background-image":"","background-repeat":"repeat","background-position":"center center","background-size":"auto","background-attachment":"scroll","background-type":"","background-media":"","overlay-type":"","overlay-color":"","overlay-opacity":"","overlay-gradient":""},"mobile":{"background-color":"","background-image":"","background-repeat":"repeat","background-position":"center center","background-size":"auto","background-attachment":"scroll","background-type":"","background-media":"","overlay-type":"","overlay-color":"","overlay-opacity":"","overlay-gradient":""}},"ast-content-background-meta":{"desktop":{"background-color":"var(--ast-global-color-5)","background-image":"","background-repeat":"repeat","background-position":"center center","background-size":"auto","background-attachment":"scroll","background-type":"","background-media":"","overlay-type":"","overlay-color":"","overlay-opacity":"","overlay-gradient":""},"tablet":{"background-color":"var(--ast-global-color-5)","background-image":"","background-repeat":"repeat","background-position":"center center","background-size":"auto","background-attachment":"scroll","background-type":"","background-media":"","overlay-type":"","overlay-color":"","overlay-opacity":"","overlay-gradient":""},"mobile":{"background-color":"var(--ast-global-color-5)","background-image":"","background-repeat":"repeat","background-position":"center center","background-size":"auto","background-attachment":"scroll","background-type":"","background-media":"","overlay-type":"","overlay-color":"","overlay-opacity":"","overlay-gradient":""}}},"product_brand":[],"product_cat":[21,36,41],"product_tag":[],"class_list":{"0":"post-1601","1":"product","2":"type-product","3":"status-publish","4":"has-post-thumbnail","6":"product_cat-libros","7":"product_cat-preescolar-3-a-5-anos","8":"product_cat-tf","9":"desktop-align-left","10":"tablet-align-left","11":"mobile-align-left","13":"first","14":"instock","15":"taxable","16":"shipping-taxable","17":"purchasable","18":"product-type-simple"},"aioseo_notices":[],"jetpack_sharing_enabled":true,"_links":{"self":[{"href":"https:\/\/bibliakids247.com\/index.php?rest_route=\/wp\/v2\/product\/1601","targetHints":{"allow":["GET"]}}],"collection":[{"href":"https:\/\/bibliakids247.com\/index.php?rest_route=\/wp\/v2\/product"}],"about":[{"href":"https:\/\/bibliakids247.com\/index.php?rest_route=\/wp\/v2\/types\/product"}],"replies":[{"embeddable":true,"href":"https:\/\/bibliakids247.com\/index.php?rest_route=%2Fwp%2Fv2%2Fcomments&post=1601"}],"wp:featuredmedia":[{"embeddable":true,"href":"https:\/\/bibliakids247.com\/index.php?rest_route=\/wp\/v2\/media\/1602"}],"wp:attachment":[{"href":"https:\/\/bibliakids247.com\/index.php?rest_route=%2Fwp%2Fv2%2Fmedia&parent=1601"}],"wp:term":[{"taxonomy":"product_brand","embeddable":true,"href":"https:\/\/bibliakids247.com\/index.php?rest_route=%2Fwp%2Fv2%2Fproduct_brand&post=1601"},{"taxonomy":"product_cat","embeddable":true,"href":"https:\/\/bibliakids247.com\/index.php?rest_route=%2Fwp%2Fv2%2Fproduct_cat&post=1601"},{"taxonomy":"product_tag","embeddable":true,"href":"https:\/\/bibliakids247.com\/index.php?rest_route=%2Fwp%2Fv2%2Fproduct_tag&post=1601"}],"curies":[{"name":"wp","href":"https:\/\/api.w.org\/{rel}","templated":true}]}}