{"id":191,"date":"2024-03-02T14:01:49","date_gmt":"2024-03-02T19:01:49","guid":{"rendered":"https:\/\/bibliakids247.com\/?post_type=product&#038;p=191"},"modified":"2026-02-08T16:59:19","modified_gmt":"2026-02-08T21:59:19","slug":"soy-jonas-y-el-gran-pez","status":"publish","type":"product","link":"https:\/\/bibliakids247.com\/?product=soy-jonas-y-el-gran-pez","title":{"rendered":"\u00a1Soy Jon\u00e1s! &#8211; Libro de Foami"},"content":{"rendered":"<div>\n<div class=\"ast-oembed-container \" style=\"height: 100%;\"><iframe title=\"\u00a1Soy Jon\u00e1s! - y el gran pez\" width=\"500\" height=\"281\" src=\"https:\/\/www.youtube.com\/embed\/JF4R6vOmeoA?feature=oembed\" frameborder=\"0\" allow=\"accelerometer; autoplay; clipboard-write; encrypted-media; gyroscope; picture-in-picture; web-share\" referrerpolicy=\"strict-origin-when-cross-origin\" allowfullscreen><\/iframe><\/div>\n<p data-start=\"185\" data-end=\"217\"><strong data-start=\"185\" data-end=\"217\">\ud83d\udcd7 \u00a1Soy Jon\u00e1s! y el gran pez<\/strong><\/p>\n<p data-start=\"219\" data-end=\"391\">Jon\u00e1s no quer\u00eda hacer el trabajo que Dios le hab\u00eda encomendado\u2026 pero en su huida se encontr\u00f3 con <strong data-start=\"316\" data-end=\"331\">un gran pez<\/strong> \ud83d\udc1f y una valiosa lecci\u00f3n de obediencia y confianza en Dios.<\/p>\n<p data-start=\"393\" data-end=\"722\">Este libro b\u00edblico para beb\u00e9s est\u00e1 elaborado en <strong data-start=\"441\" data-end=\"450\">foami<\/strong>, un material suave, resistente y totalmente seguro, perfecto para que los m\u00e1s peque\u00f1os lo exploren sin riesgo. Sus <strong data-start=\"566\" data-end=\"610\">p\u00e1ginas gruesas de espuma con troquelado<\/strong> facilitan la manipulaci\u00f3n, estimulan la motricidad y hacen de la lectura una experiencia divertida y tranquila.<\/p>\n<p data-start=\"724\" data-end=\"1014\">A trav\u00e9s de ilustraciones coloridas y una historia sencilla, los ni\u00f1os conocer\u00e1n la vida de Jon\u00e1s y podr\u00e1n ver <strong data-start=\"835\" data-end=\"872\">la obra y la misericordia de Dios<\/strong>, incluso cuando existen dudas o errores. Es ideal para compartir momentos de lectura, fe y aprendizaje entre <strong data-start=\"982\" data-end=\"1013\">pap\u00e1s e hijos de 0 a 3 a\u00f1os<\/strong>.<\/p>\n<p data-start=\"1016\" data-end=\"1150\">\u2728 Perfecto como primer libro b\u00edblico<br data-start=\"1052\" data-end=\"1055\" \/>\u2728 Seguro, duradero y f\u00e1cil de manipular<br data-start=\"1094\" data-end=\"1097\" \/>\u2728 Ense\u00f1a obediencia, arrepentimiento y amor de Dios<\/p>\n<p data-start=\"1152\" data-end=\"1183\"><strong data-start=\"1152\" data-end=\"1181\">\ud83d\udcda Detalles del producto:<\/strong><\/p>\n<ul data-start=\"1184\" data-end=\"1335\">\n<li data-start=\"1184\" data-end=\"1207\">\n<p data-start=\"1186\" data-end=\"1207\">ISBN: 9788792105875<\/p>\n<\/li>\n<li data-start=\"1208\" data-end=\"1236\">\n<p data-start=\"1210\" data-end=\"1236\">Editorial: Editorial CLC<\/p>\n<\/li>\n<li data-start=\"1237\" data-end=\"1256\">\n<p data-start=\"1239\" data-end=\"1256\">Idioma: Espa\u00f1ol<\/p>\n<\/li>\n<li data-start=\"1257\" data-end=\"1276\">\n<p data-start=\"1259\" data-end=\"1276\">Cubierta: Foami<\/p>\n<\/li>\n<li data-start=\"1277\" data-end=\"1313\">\n<p data-start=\"1279\" data-end=\"1313\">\ud83d\udccf Dimensiones: 10 x 10,4 x 3 cm<\/p>\n<\/li>\n<li data-start=\"1314\" data-end=\"1335\">\n<p data-start=\"1316\" data-end=\"1335\">\u2696\ufe0f Peso: 0,750 kg<\/p>\n<\/li>\n<\/ul>\n<p data-start=\"1337\" data-end=\"1418\" data-is-last-node=\"\" data-is-only-node=\"\">Un libro ideal para <strong data-start=\"1357\" data-end=\"1413\">sembrar valores cristianos desde la primera infancia<\/strong> \ud83d\udc9b\ud83d\udcd6<\/p>\n<\/div>\n<div>\n<p>&nbsp;<\/p>\n<\/div>\n","protected":false},"excerpt":{"rendered":"<p>\ud83d\udcd7 \u00a1Soy Jon\u00e1s! y el gran pez Jon\u00e1s no quer\u00eda hacer el trabajo que Dios le hab\u00eda encomendado\u2026 pero en [&hellip;]<\/p>\n","protected":false},"featured_media":1167,"comment_status":"open","ping_status":"closed","template":"","meta":{"_monsterinsights_skip_tracking":false,"_monsterinsights_sitenote_active":false,"_monsterinsights_sitenote_note":"","_monsterinsights_sitenote_category":0,"site-sidebar-layout":"default","site-content-layout":"","ast-site-content-layout":"default","site-content-style":"default","site-sidebar-style":"default","ast-global-header-display":"","ast-banner-title-visibility":"","ast-main-header-display":"","ast-hfb-above-header-display":"","ast-hfb-below-header-display":"","ast-hfb-mobile-header-display":"","site-post-title":"","ast-breadcrumbs-content":"","ast-featured-img":"","footer-sml-layout":"","ast-disable-related-posts":"","theme-transparent-header-meta":"default","adv-header-id-meta":"","stick-header-meta":"","header-above-stick-meta":"","header-main-stick-meta":"","header-below-stick-meta":"","astra-migrate-meta-layouts":"set","ast-page-background-enabled":"default","ast-page-background-meta":{"desktop":{"background-color":"var(--ast-global-color-4)","background-image":"","background-repeat":"repeat","background-position":"center center","background-size":"auto","background-attachment":"scroll","background-type":"","background-media":"","overlay-type":"","overlay-color":"","overlay-opacity":"","overlay-gradient":""},"tablet":{"background-color":"","background-image":"","background-repeat":"repeat","background-position":"center center","background-size":"auto","background-attachment":"scroll","background-type":"","background-media":"","overlay-type":"","overlay-color":"","overlay-opacity":"","overlay-gradient":""},"mobile":{"background-color":"","background-image":"","background-repeat":"repeat","background-position":"center center","background-size":"auto","background-attachment":"scroll","background-type":"","background-media":"","overlay-type":"","overlay-color":"","overlay-opacity":"","overlay-gradient":""}},"ast-content-background-meta":{"desktop":{"background-color":"var(--ast-global-color-5)","background-image":"","background-repeat":"repeat","background-position":"center center","background-size":"auto","background-attachment":"scroll","background-type":"","background-media":"","overlay-type":"","overlay-color":"","overlay-opacity":"","overlay-gradient":""},"tablet":{"background-color":"var(--ast-global-color-5)","background-image":"","background-repeat":"repeat","background-position":"center center","background-size":"auto","background-attachment":"scroll","background-type":"","background-media":"","overlay-type":"","overlay-color":"","overlay-opacity":"","overlay-gradient":""},"mobile":{"background-color":"var(--ast-global-color-5)","background-image":"","background-repeat":"repeat","background-position":"center center","background-size":"auto","background-attachment":"scroll","background-type":"","background-media":"","overlay-type":"","overlay-color":"","overlay-opacity":"","overlay-gradient":""}}},"product_brand":[],"product_cat":[35,21,41],"product_tag":[],"class_list":{"0":"post-191","1":"product","2":"type-product","3":"status-publish","4":"has-post-thumbnail","6":"product_cat-bebes-0-a-2-anos","7":"product_cat-libros","8":"product_cat-tf","9":"desktop-align-left","10":"tablet-align-left","11":"mobile-align-left","13":"first","14":"instock","15":"taxable","16":"shipping-taxable","17":"purchasable","18":"product-type-simple"},"aioseo_notices":[],"jetpack_sharing_enabled":true,"_links":{"self":[{"href":"https:\/\/bibliakids247.com\/index.php?rest_route=\/wp\/v2\/product\/191","targetHints":{"allow":["GET"]}}],"collection":[{"href":"https:\/\/bibliakids247.com\/index.php?rest_route=\/wp\/v2\/product"}],"about":[{"href":"https:\/\/bibliakids247.com\/index.php?rest_route=\/wp\/v2\/types\/product"}],"replies":[{"embeddable":true,"href":"https:\/\/bibliakids247.com\/index.php?rest_route=%2Fwp%2Fv2%2Fcomments&post=191"}],"wp:featuredmedia":[{"embeddable":true,"href":"https:\/\/bibliakids247.com\/index.php?rest_route=\/wp\/v2\/media\/1167"}],"wp:attachment":[{"href":"https:\/\/bibliakids247.com\/index.php?rest_route=%2Fwp%2Fv2%2Fmedia&parent=191"}],"wp:term":[{"taxonomy":"product_brand","embeddable":true,"href":"https:\/\/bibliakids247.com\/index.php?rest_route=%2Fwp%2Fv2%2Fproduct_brand&post=191"},{"taxonomy":"product_cat","embeddable":true,"href":"https:\/\/bibliakids247.com\/index.php?rest_route=%2Fwp%2Fv2%2Fproduct_cat&post=191"},{"taxonomy":"product_tag","embeddable":true,"href":"https:\/\/bibliakids247.com\/index.php?rest_route=%2Fwp%2Fv2%2Fproduct_tag&post=191"}],"curies":[{"name":"wp","href":"https:\/\/api.w.org\/{rel}","templated":true}]}}