{"id":419,"date":"2024-03-03T13:36:59","date_gmt":"2024-03-03T18:36:59","guid":{"rendered":"https:\/\/bibliakids247.com\/?post_type=product&#038;p=419"},"modified":"2026-02-08T12:43:41","modified_gmt":"2026-02-08T17:43:41","slug":"superlibro-jonas","status":"publish","type":"product","link":"https:\/\/bibliakids247.com\/?product=superlibro-jonas","title":{"rendered":"Superlibro \u2013 Jon\u00e1s"},"content":{"rendered":"<p data-start=\"116\" data-end=\"242\">\ud83c\udf00 <strong data-start=\"119\" data-end=\"140\">Superlibro: Jon\u00e1s<\/strong><br data-start=\"140\" data-end=\"143\" \/>\u00a1Una historia b\u00edblica llena de acci\u00f3n, aventura y una gran lecci\u00f3n sobre la misericordia de Dios!<\/p>\n<p data-start=\"116\" data-end=\"242\">\ud83d\udc67\ud83e\uddd2 <strong data-start=\"809\" data-end=\"842\">Edad recomendada: 5 a 10 a\u00f1os<\/strong><\/p>\n<p data-start=\"244\" data-end=\"511\">Joy est\u00e1 confundida cuando una compa\u00f1era que roba no es castigada\u2026 \u00bfEs justo? Para descubrirlo, el Superlibro la transporta junto a Chris y Gizmo al pasado, donde conocer\u00e1n a <strong data-start=\"419\" data-end=\"428\">Jon\u00e1s<\/strong>, un profeta que huye del llamado de Dios y termina en el vientre de un gran pez.<\/p>\n<p data-start=\"513\" data-end=\"643\">\ud83d\udc0b Tormentas, desobediencia, perd\u00f3n y una ciudad entera transformada\u2026 \u00a1Descubre c\u00f3mo Dios ofrece segundas oportunidades a todos!<\/p>\n<p data-start=\"645\" data-end=\"670\">\ud83d\udcd8 <strong data-start=\"648\" data-end=\"668\">Caracter\u00edsticas:<\/strong><\/p>\n<ul data-start=\"671\" data-end=\"802\">\n<li data-start=\"671\" data-end=\"714\">\n<p data-start=\"673\" data-end=\"714\">Historia b\u00edblica ilustrada a todo color<\/p>\n<\/li>\n<li data-start=\"715\" data-end=\"739\">\n<p data-start=\"717\" data-end=\"739\">Tapa dura resistente<\/p>\n<\/li>\n<li data-start=\"740\" data-end=\"802\">\n<p data-start=\"742\" data-end=\"802\">Ideal para leer en casa, la escuela dominical o en familia<\/p>\n<\/li>\n<\/ul>\n<p data-start=\"897\" data-end=\"920\">\ud83d\udcda\u00a0<strong data-start=\"900\" data-end=\"918\">Ficha t\u00e9cnica:<\/strong><\/p>\n<ul data-start=\"921\" data-end=\"1119\">\n<li data-start=\"921\" data-end=\"944\">\n<p data-start=\"923\" data-end=\"944\">ISBN: 9781629997841<\/p>\n<\/li>\n<li data-start=\"945\" data-end=\"973\">\n<p data-start=\"947\" data-end=\"973\">Editorial: Casa Creaci\u00f3n<\/p>\n<\/li>\n<li data-start=\"974\" data-end=\"1007\">\n<p data-start=\"976\" data-end=\"1007\">Dimensiones: 171 x 210 x 8 mm<\/p>\n<\/li>\n<li data-start=\"1008\" data-end=\"1023\">\n<p data-start=\"1010\" data-end=\"1023\">Peso: 180 g<\/p>\n<\/li>\n<li data-start=\"1024\" data-end=\"1039\">\n<p data-start=\"1026\" data-end=\"1039\">P\u00e1ginas: 32<\/p>\n<\/li>\n<li data-start=\"1040\" data-end=\"1054\">\n<p data-start=\"1042\" data-end=\"1054\">Tapa: Dura<\/p>\n<\/li>\n<li data-start=\"1055\" data-end=\"1074\">\n<p data-start=\"1057\" data-end=\"1074\">Idioma: Espa\u00f1ol<\/p>\n<\/li>\n<li data-start=\"1075\" data-end=\"1119\">\n<p data-start=\"1077\" data-end=\"1119\">Fecha de lanzamiento: 18 de agosto de 2020<\/p>\n<\/li>\n<\/ul>\n<p>\ud83c\udfaf Perfecto para leer en casa, usar en Escuela Dominical o como regalo que siembra fe y valores duraderos.<\/p>\n","protected":false},"excerpt":{"rendered":"<p>\ud83c\udf00 Superlibro: Jon\u00e1s\u00a1Una historia b\u00edblica llena de acci\u00f3n, aventura y una gran lecci\u00f3n sobre la misericordia de Dios! \ud83d\udc67\ud83e\uddd2 Edad [&hellip;]<\/p>\n","protected":false},"featured_media":420,"comment_status":"open","ping_status":"closed","template":"","meta":{"_monsterinsights_skip_tracking":false,"_monsterinsights_sitenote_active":false,"_monsterinsights_sitenote_note":"","_monsterinsights_sitenote_category":0,"site-sidebar-layout":"default","site-content-layout":"","ast-site-content-layout":"default","site-content-style":"default","site-sidebar-style":"default","ast-global-header-display":"","ast-banner-title-visibility":"","ast-main-header-display":"","ast-hfb-above-header-display":"","ast-hfb-below-header-display":"","ast-hfb-mobile-header-display":"","site-post-title":"","ast-breadcrumbs-content":"","ast-featured-img":"","footer-sml-layout":"","ast-disable-related-posts":"","theme-transparent-header-meta":"default","adv-header-id-meta":"","stick-header-meta":"","header-above-stick-meta":"","header-main-stick-meta":"","header-below-stick-meta":"","astra-migrate-meta-layouts":"set","ast-page-background-enabled":"default","ast-page-background-meta":{"desktop":{"background-color":"var(--ast-global-color-4)","background-image":"","background-repeat":"repeat","background-position":"center center","background-size":"auto","background-attachment":"scroll","background-type":"","background-media":"","overlay-type":"","overlay-color":"","overlay-opacity":"","overlay-gradient":""},"tablet":{"background-color":"","background-image":"","background-repeat":"repeat","background-position":"center center","background-size":"auto","background-attachment":"scroll","background-type":"","background-media":"","overlay-type":"","overlay-color":"","overlay-opacity":"","overlay-gradient":""},"mobile":{"background-color":"","background-image":"","background-repeat":"repeat","background-position":"center center","background-size":"auto","background-attachment":"scroll","background-type":"","background-media":"","overlay-type":"","overlay-color":"","overlay-opacity":"","overlay-gradient":""}},"ast-content-background-meta":{"desktop":{"background-color":"var(--ast-global-color-5)","background-image":"","background-repeat":"repeat","background-position":"center center","background-size":"auto","background-attachment":"scroll","background-type":"","background-media":"","overlay-type":"","overlay-color":"","overlay-opacity":"","overlay-gradient":""},"tablet":{"background-color":"var(--ast-global-color-5)","background-image":"","background-repeat":"repeat","background-position":"center center","background-size":"auto","background-attachment":"scroll","background-type":"","background-media":"","overlay-type":"","overlay-color":"","overlay-opacity":"","overlay-gradient":""},"mobile":{"background-color":"var(--ast-global-color-5)","background-image":"","background-repeat":"repeat","background-position":"center center","background-size":"auto","background-attachment":"scroll","background-type":"","background-media":"","overlay-type":"","overlay-color":"","overlay-opacity":"","overlay-gradient":""}}},"product_brand":[],"product_cat":[37,21,36],"product_tag":[],"class_list":{"0":"post-419","1":"product","2":"type-product","3":"status-publish","4":"has-post-thumbnail","6":"product_cat-escolar-6-a-11-anos","7":"product_cat-libros","8":"product_cat-preescolar-3-a-5-anos","9":"desktop-align-left","10":"tablet-align-left","11":"mobile-align-left","13":"first","14":"instock","15":"taxable","16":"shipping-taxable","17":"purchasable","18":"product-type-simple"},"aioseo_notices":[],"jetpack_sharing_enabled":true,"_links":{"self":[{"href":"https:\/\/bibliakids247.com\/index.php?rest_route=\/wp\/v2\/product\/419","targetHints":{"allow":["GET"]}}],"collection":[{"href":"https:\/\/bibliakids247.com\/index.php?rest_route=\/wp\/v2\/product"}],"about":[{"href":"https:\/\/bibliakids247.com\/index.php?rest_route=\/wp\/v2\/types\/product"}],"replies":[{"embeddable":true,"href":"https:\/\/bibliakids247.com\/index.php?rest_route=%2Fwp%2Fv2%2Fcomments&post=419"}],"wp:featuredmedia":[{"embeddable":true,"href":"https:\/\/bibliakids247.com\/index.php?rest_route=\/wp\/v2\/media\/420"}],"wp:attachment":[{"href":"https:\/\/bibliakids247.com\/index.php?rest_route=%2Fwp%2Fv2%2Fmedia&parent=419"}],"wp:term":[{"taxonomy":"product_brand","embeddable":true,"href":"https:\/\/bibliakids247.com\/index.php?rest_route=%2Fwp%2Fv2%2Fproduct_brand&post=419"},{"taxonomy":"product_cat","embeddable":true,"href":"https:\/\/bibliakids247.com\/index.php?rest_route=%2Fwp%2Fv2%2Fproduct_cat&post=419"},{"taxonomy":"product_tag","embeddable":true,"href":"https:\/\/bibliakids247.com\/index.php?rest_route=%2Fwp%2Fv2%2Fproduct_tag&post=419"}],"curies":[{"name":"wp","href":"https:\/\/api.w.org\/{rel}","templated":true}]}}