{"id":822,"date":"2024-03-17T11:27:23","date_gmt":"2024-03-17T16:27:23","guid":{"rendered":"https:\/\/bibliakids247.com\/?post_type=product&#038;p=822"},"modified":"2026-02-08T12:43:43","modified_gmt":"2026-02-08T17:43:43","slug":"disponible-en-breve-david-el-buen-pastor-grandes-historias-para-pequenos-lectores","status":"publish","type":"product","link":"https:\/\/bibliakids247.com\/?product=disponible-en-breve-david-el-buen-pastor-grandes-historias-para-pequenos-lectores","title":{"rendered":"David, el buen pastor-  Grandes Historias para peque\u00f1os lectores"},"content":{"rendered":"<p>La colecci\u00f3n Grandes Historias para peque\u00f1os lectores est\u00e1 compuesta por 15 libritos que explican con cautivadoras ilustraciones la Historia de los principales personajes de la Biblia.<\/p>\n<p>Cada librito contiene:<\/p>\n<ul>\n<li>24 p\u00e1ginas a todo color.<\/li>\n<li>Papel de alta calidad<\/li>\n<li>Ilustraciones de gran calidad.<\/li>\n<li>Tama\u00f1o: 15x1cm<\/li>\n<li>Actividades al final de cada historia (Las siete diferencias y un laberinto)<\/li>\n<li>Preguntas de comprensi\u00f3n lectora<\/li>\n<li>Historias redactadas por Marta Gonz\u00e1lez (directora del curr\u00edculum de Escuela Dominical Explora)<\/li>\n<li>Ilustraciones por Jonatan Mira (Ilustrador de la Biblia para todos los ni\u00f1os)<\/li>\n<\/ul>\n<p>Audiencia: Ni\u00f1os de 3 a 8 a\u00f1os.<\/p>\n<p><strong>ISBN<\/strong>: 9788417521912<\/p>\n<p><strong>Cubierta<\/strong>: R\u00fastica<\/p>\n<p><strong>N\u00famero de p\u00e1ginas<\/strong>: 25<\/p>\n<p><b>Fecha de publicaci\u00f3n<\/b>: 09.01.2021<\/p>\n<p><b>Idioma<\/b>: Espa\u00f1ol<\/p>\n","protected":false},"excerpt":{"rendered":"<p>La colecci\u00f3n Grandes Historias para peque\u00f1os lectores est\u00e1 compuesta por 15 libritos que explican con cautivadoras ilustraciones la Historia de [&hellip;]<\/p>\n","protected":false},"featured_media":823,"comment_status":"open","ping_status":"closed","template":"","meta":{"_monsterinsights_skip_tracking":false,"_monsterinsights_sitenote_active":false,"_monsterinsights_sitenote_note":"","_monsterinsights_sitenote_category":0,"site-sidebar-layout":"default","site-content-layout":"","ast-site-content-layout":"default","site-content-style":"default","site-sidebar-style":"default","ast-global-header-display":"","ast-banner-title-visibility":"","ast-main-header-display":"","ast-hfb-above-header-display":"","ast-hfb-below-header-display":"","ast-hfb-mobile-header-display":"","site-post-title":"","ast-breadcrumbs-content":"","ast-featured-img":"","footer-sml-layout":"","ast-disable-related-posts":"","theme-transparent-header-meta":"default","adv-header-id-meta":"","stick-header-meta":"","header-above-stick-meta":"","header-main-stick-meta":"","header-below-stick-meta":"","astra-migrate-meta-layouts":"set","ast-page-background-enabled":"default","ast-page-background-meta":{"desktop":{"background-color":"var(--ast-global-color-4)","background-image":"","background-repeat":"repeat","background-position":"center center","background-size":"auto","background-attachment":"scroll","background-type":"","background-media":"","overlay-type":"","overlay-color":"","overlay-opacity":"","overlay-gradient":""},"tablet":{"background-color":"","background-image":"","background-repeat":"repeat","background-position":"center center","background-size":"auto","background-attachment":"scroll","background-type":"","background-media":"","overlay-type":"","overlay-color":"","overlay-opacity":"","overlay-gradient":""},"mobile":{"background-color":"","background-image":"","background-repeat":"repeat","background-position":"center center","background-size":"auto","background-attachment":"scroll","background-type":"","background-media":"","overlay-type":"","overlay-color":"","overlay-opacity":"","overlay-gradient":""}},"ast-content-background-meta":{"desktop":{"background-color":"var(--ast-global-color-5)","background-image":"","background-repeat":"repeat","background-position":"center center","background-size":"auto","background-attachment":"scroll","background-type":"","background-media":"","overlay-type":"","overlay-color":"","overlay-opacity":"","overlay-gradient":""},"tablet":{"background-color":"var(--ast-global-color-5)","background-image":"","background-repeat":"repeat","background-position":"center center","background-size":"auto","background-attachment":"scroll","background-type":"","background-media":"","overlay-type":"","overlay-color":"","overlay-opacity":"","overlay-gradient":""},"mobile":{"background-color":"var(--ast-global-color-5)","background-image":"","background-repeat":"repeat","background-position":"center center","background-size":"auto","background-attachment":"scroll","background-type":"","background-media":"","overlay-type":"","overlay-color":"","overlay-opacity":"","overlay-gradient":""}}},"product_brand":[],"product_cat":[25],"product_tag":[28],"class_list":{"0":"post-822","1":"product","2":"type-product","3":"status-publish","4":"has-post-thumbnail","6":"product_cat-cartillas","7":"product_tag-coleccion-grandes-historias-para-pequenos-lectores","8":"desktop-align-left","9":"tablet-align-left","10":"mobile-align-left","12":"first","13":"outofstock","14":"taxable","15":"shipping-taxable","16":"purchasable","17":"product-type-simple"},"aioseo_notices":[],"jetpack_sharing_enabled":true,"_links":{"self":[{"href":"https:\/\/bibliakids247.com\/index.php?rest_route=\/wp\/v2\/product\/822","targetHints":{"allow":["GET"]}}],"collection":[{"href":"https:\/\/bibliakids247.com\/index.php?rest_route=\/wp\/v2\/product"}],"about":[{"href":"https:\/\/bibliakids247.com\/index.php?rest_route=\/wp\/v2\/types\/product"}],"replies":[{"embeddable":true,"href":"https:\/\/bibliakids247.com\/index.php?rest_route=%2Fwp%2Fv2%2Fcomments&post=822"}],"wp:featuredmedia":[{"embeddable":true,"href":"https:\/\/bibliakids247.com\/index.php?rest_route=\/wp\/v2\/media\/823"}],"wp:attachment":[{"href":"https:\/\/bibliakids247.com\/index.php?rest_route=%2Fwp%2Fv2%2Fmedia&parent=822"}],"wp:term":[{"taxonomy":"product_brand","embeddable":true,"href":"https:\/\/bibliakids247.com\/index.php?rest_route=%2Fwp%2Fv2%2Fproduct_brand&post=822"},{"taxonomy":"product_cat","embeddable":true,"href":"https:\/\/bibliakids247.com\/index.php?rest_route=%2Fwp%2Fv2%2Fproduct_cat&post=822"},{"taxonomy":"product_tag","embeddable":true,"href":"https:\/\/bibliakids247.com\/index.php?rest_route=%2Fwp%2Fv2%2Fproduct_tag&post=822"}],"curies":[{"name":"wp","href":"https:\/\/api.w.org\/{rel}","templated":true}]}}