{"id":963,"date":"2025-07-30T12:31:56","date_gmt":"2025-07-30T17:31:56","guid":{"rendered":"https:\/\/bibliakids247.com\/?post_type=product&#038;p=963"},"modified":"2026-02-08T12:43:44","modified_gmt":"2026-02-08T17:43:44","slug":"963","status":"publish","type":"product","link":"https:\/\/bibliakids247.com\/?product=963","title":{"rendered":"Superlibro: \u00a1\u00c9l ha resucitado!"},"content":{"rendered":"<p data-start=\"159\" data-end=\"274\">\ud83c\udf05 <strong data-start=\"162\" data-end=\"196\">Superlibro: \u00a1\u00c9l ha resucitado!<\/strong><br data-start=\"196\" data-end=\"199\" \/>Una historia poderosa sobre amor, sacrificio\u2026 y victoria sobre la muerte.<\/p>\n<p data-start=\"159\" data-end=\"274\">\ud83d\udc67\ud83e\uddd2 <strong data-start=\"932\" data-end=\"964\">Edad recomendada: 4 a 6 a\u00f1os<\/strong><\/p>\n<p data-start=\"276\" data-end=\"609\">Acompa\u00f1a a <strong data-start=\"287\" data-end=\"333\">Chris, Joy, Gizmo y la mam\u00e1 de Chris, Febe<\/strong>, en un viaje inolvidable hacia uno de los momentos m\u00e1s impactantes de la historia: la crucifixi\u00f3n y resurrecci\u00f3n de Jes\u00fas.<br data-start=\"456\" data-end=\"459\" \/>Los ni\u00f1os conocer\u00e1n a <strong data-start=\"481\" data-end=\"509\">Mar\u00eda, la madre de Jes\u00fas<\/strong>, y vivir\u00e1n una experiencia que les ense\u00f1ar\u00e1 el verdadero significado de la esperanza y el perd\u00f3n.<\/p>\n<p data-start=\"611\" data-end=\"737\">\ud83d\udca1 Ideal para explicar el evangelio a los m\u00e1s peque\u00f1os con una narrativa cercana, visualmente llamativa y b\u00edblicamente fiel.<\/p>\n<p data-start=\"739\" data-end=\"774\">\ud83d\udcd8 <strong data-start=\"742\" data-end=\"772\">Caracter\u00edsticas del libro:<\/strong><\/p>\n<ul data-start=\"775\" data-end=\"925\">\n<li data-start=\"775\" data-end=\"805\">\n<p data-start=\"777\" data-end=\"805\">Ilustraciones a todo color<\/p>\n<\/li>\n<li data-start=\"806\" data-end=\"830\">\n<p data-start=\"808\" data-end=\"830\">Tapa dura resistente<\/p>\n<\/li>\n<li data-start=\"831\" data-end=\"874\">\n<p data-start=\"833\" data-end=\"874\">Dise\u00f1o y di\u00e1logos con fidelidad b\u00edblica<\/p>\n<\/li>\n<li data-start=\"875\" data-end=\"925\">\n<p data-start=\"877\" data-end=\"925\">Recurso vinculado a la app y web de Superlibro<\/p>\n<\/li>\n<\/ul>\n<p data-start=\"897\" data-end=\"920\">\ud83d\udcda\u00a0<strong data-start=\"900\" data-end=\"918\">Ficha t\u00e9cnica:<\/strong><\/p>\n<ul data-start=\"921\" data-end=\"1119\">\n<li data-start=\"921\" data-end=\"944\">\n<p data-start=\"923\" data-end=\"944\">ISBN: 9781629997834<\/p>\n<\/li>\n<li data-start=\"945\" data-end=\"973\">\n<p data-start=\"947\" data-end=\"973\">Editorial: Casa Creaci\u00f3n<\/p>\n<\/li>\n<li data-start=\"974\" data-end=\"1007\">\n<p data-start=\"976\" data-end=\"1007\">Dimensiones: 171 x 210 x 8 mm<\/p>\n<\/li>\n<li data-start=\"1008\" data-end=\"1023\">\n<p data-start=\"1010\" data-end=\"1023\">Peso: 180 g<\/p>\n<\/li>\n<li data-start=\"1024\" data-end=\"1039\">\n<p data-start=\"1026\" data-end=\"1039\">P\u00e1ginas: 32<\/p>\n<\/li>\n<li data-start=\"1040\" data-end=\"1054\">\n<p data-start=\"1042\" data-end=\"1054\">Tapa: Dura<\/p>\n<\/li>\n<li data-start=\"1055\" data-end=\"1074\">\n<p data-start=\"1057\" data-end=\"1074\">Idioma: Espa\u00f1ol<\/p>\n<\/li>\n<li data-start=\"1075\" data-end=\"1119\">\n<p data-start=\"1077\" data-end=\"1119\">Fecha de lanzamiento: 18 de agosto de 2020<\/p>\n<\/li>\n<\/ul>\n<p data-start=\"1121\" data-end=\"1227\">\ud83c\udfaf Perfecto para leer en casa, usar en Escuela Dominical o como regalo que siembra fe y valores duraderos.<\/p>\n","protected":false},"excerpt":{"rendered":"<p>\ud83c\udf05 Superlibro: \u00a1\u00c9l ha resucitado!Una historia poderosa sobre amor, sacrificio\u2026 y victoria sobre la muerte. \ud83d\udc67\ud83e\uddd2 Edad recomendada: 4 a [&hellip;]<\/p>\n","protected":false},"featured_media":964,"comment_status":"open","ping_status":"closed","template":"","meta":{"_monsterinsights_skip_tracking":false,"_monsterinsights_sitenote_active":false,"_monsterinsights_sitenote_note":"","_monsterinsights_sitenote_category":0,"site-sidebar-layout":"default","site-content-layout":"","ast-site-content-layout":"default","site-content-style":"default","site-sidebar-style":"default","ast-global-header-display":"","ast-banner-title-visibility":"","ast-main-header-display":"","ast-hfb-above-header-display":"","ast-hfb-below-header-display":"","ast-hfb-mobile-header-display":"","site-post-title":"","ast-breadcrumbs-content":"","ast-featured-img":"","footer-sml-layout":"","ast-disable-related-posts":"","theme-transparent-header-meta":"default","adv-header-id-meta":"","stick-header-meta":"","header-above-stick-meta":"","header-main-stick-meta":"","header-below-stick-meta":"","astra-migrate-meta-layouts":"set","ast-page-background-enabled":"default","ast-page-background-meta":{"desktop":{"background-color":"var(--ast-global-color-4)","background-image":"","background-repeat":"repeat","background-position":"center center","background-size":"auto","background-attachment":"scroll","background-type":"","background-media":"","overlay-type":"","overlay-color":"","overlay-opacity":"","overlay-gradient":""},"tablet":{"background-color":"","background-image":"","background-repeat":"repeat","background-position":"center center","background-size":"auto","background-attachment":"scroll","background-type":"","background-media":"","overlay-type":"","overlay-color":"","overlay-opacity":"","overlay-gradient":""},"mobile":{"background-color":"","background-image":"","background-repeat":"repeat","background-position":"center center","background-size":"auto","background-attachment":"scroll","background-type":"","background-media":"","overlay-type":"","overlay-color":"","overlay-opacity":"","overlay-gradient":""}},"ast-content-background-meta":{"desktop":{"background-color":"var(--ast-global-color-5)","background-image":"","background-repeat":"repeat","background-position":"center center","background-size":"auto","background-attachment":"scroll","background-type":"","background-media":"","overlay-type":"","overlay-color":"","overlay-opacity":"","overlay-gradient":""},"tablet":{"background-color":"var(--ast-global-color-5)","background-image":"","background-repeat":"repeat","background-position":"center center","background-size":"auto","background-attachment":"scroll","background-type":"","background-media":"","overlay-type":"","overlay-color":"","overlay-opacity":"","overlay-gradient":""},"mobile":{"background-color":"var(--ast-global-color-5)","background-image":"","background-repeat":"repeat","background-position":"center center","background-size":"auto","background-attachment":"scroll","background-type":"","background-media":"","overlay-type":"","overlay-color":"","overlay-opacity":"","overlay-gradient":""}}},"product_brand":[],"product_cat":[37,21,36],"product_tag":[],"class_list":{"0":"post-963","1":"product","2":"type-product","3":"status-publish","4":"has-post-thumbnail","6":"product_cat-escolar-6-a-11-anos","7":"product_cat-libros","8":"product_cat-preescolar-3-a-5-anos","9":"desktop-align-left","10":"tablet-align-left","11":"mobile-align-left","13":"first","14":"outofstock","15":"taxable","16":"shipping-taxable","17":"purchasable","18":"product-type-simple"},"aioseo_notices":[],"jetpack_sharing_enabled":true,"_links":{"self":[{"href":"https:\/\/bibliakids247.com\/index.php?rest_route=\/wp\/v2\/product\/963","targetHints":{"allow":["GET"]}}],"collection":[{"href":"https:\/\/bibliakids247.com\/index.php?rest_route=\/wp\/v2\/product"}],"about":[{"href":"https:\/\/bibliakids247.com\/index.php?rest_route=\/wp\/v2\/types\/product"}],"replies":[{"embeddable":true,"href":"https:\/\/bibliakids247.com\/index.php?rest_route=%2Fwp%2Fv2%2Fcomments&post=963"}],"wp:featuredmedia":[{"embeddable":true,"href":"https:\/\/bibliakids247.com\/index.php?rest_route=\/wp\/v2\/media\/964"}],"wp:attachment":[{"href":"https:\/\/bibliakids247.com\/index.php?rest_route=%2Fwp%2Fv2%2Fmedia&parent=963"}],"wp:term":[{"taxonomy":"product_brand","embeddable":true,"href":"https:\/\/bibliakids247.com\/index.php?rest_route=%2Fwp%2Fv2%2Fproduct_brand&post=963"},{"taxonomy":"product_cat","embeddable":true,"href":"https:\/\/bibliakids247.com\/index.php?rest_route=%2Fwp%2Fv2%2Fproduct_cat&post=963"},{"taxonomy":"product_tag","embeddable":true,"href":"https:\/\/bibliakids247.com\/index.php?rest_route=%2Fwp%2Fv2%2Fproduct_tag&post=963"}],"curies":[{"name":"wp","href":"https:\/\/api.w.org\/{rel}","templated":true}]}}